{"id":18473,"date":"2024-01-09T13:37:25","date_gmt":"2024-01-09T11:37:25","guid":{"rendered":"https:\/\/giroinmongolfiera8962.live-website.com\/?post_type=product&#038;p=18473"},"modified":"2025-12-16T11:44:09","modified_gmt":"2025-12-16T09:44:09","slug":"in-compagnia-alpi-e-pascoli","status":"publish","type":"product","link":"https:\/\/giroinmongolfiera.com\/eng\/catalogo\/voli\/voli-di-gruppo\/in-compagnia-alpi-e-pascoli\/","title":{"rendered":"Group Hot Air Balloon Ride in Mondov\u00ec"},"content":{"rendered":"<section class=\"l-section wpb_row us_custom_6430fa7d height_auto\"><div class=\"l-section-h i-cf\"><div class=\"g-cols vc_row via_flex valign_top type_default stacking_default\"><div class=\"vc_col-sm-2 wpb_column vc_column_container\"><div class=\"vc_column-inner\"><div class=\"wpb_wrapper\"><\/div><\/div><\/div><div class=\"vc_col-sm-8 wpb_column vc_column_container\"><div class=\"vc_column-inner\"><div class=\"wpb_wrapper\"><div class=\"w-separator size_small with_line width_default thick_1 style_solid color_border align_left with_text with_content\"><div class=\"w-separator-h\"><h5 class=\"w-separator-text\"><i class=\"fal fa-fast-forward\"><\/i><span>Quick overview<\/span><\/h5><\/div><\/div><div class=\"g-cols wpb_row via_flex valign_top type_default stacking_default\" style=\"--additional-gap:1rem;\"><div class=\"vc_col-sm-6 wpb_column vc_column_container\"><div class=\"vc_column-inner\"><div class=\"wpb_wrapper\"><div class=\"w-iconbox iconpos_left style_default color_contrast align_left no_title\"><div class=\"w-iconbox-icon\" style=\"font-size:1.5rem;\"><i class=\"fal fa-map-marker-smile\"><\/i><\/div><div class=\"w-iconbox-meta\"><div class=\"w-iconbox-text\"><p><strong>Location<br \/>\n<\/strong>Mondov\u00ec (CN) \u2013 Piedmont<\/p>\n<\/div><\/div><\/div><\/div><\/div><\/div><div class=\"vc_col-sm-6 wpb_column vc_column_container\"><div class=\"vc_column-inner\"><div class=\"wpb_wrapper\"><div class=\"w-iconbox iconpos_left style_default color_contrast align_left no_title\"><div class=\"w-iconbox-icon\" style=\"font-size:1.5rem;\"><i class=\"fal fa-calendar-alt\"><\/i><\/div><div class=\"w-iconbox-meta\"><div class=\"w-iconbox-text\"><p><strong>Availability<br \/>\n<\/strong>All year round<\/p>\n<\/div><\/div><\/div><\/div><\/div><\/div><\/div><div class=\"w-separator size_custom\" style=\"height:1.5rem\"><\/div><div class=\"g-cols wpb_row via_flex valign_top type_default stacking_default\" style=\"--additional-gap:1rem;\"><div class=\"vc_col-sm-6 wpb_column vc_column_container\"><div class=\"vc_column-inner\"><div class=\"wpb_wrapper\"><div class=\"w-iconbox iconpos_left style_default color_contrast align_left no_title\"><div class=\"w-iconbox-icon\" style=\"font-size:1.5rem;\"><i class=\"fal fa-users\"><\/i><\/div><div class=\"w-iconbox-meta\"><div class=\"w-iconbox-text\"><p><strong>Participants<\/strong><br \/>\nup to 12 people (shared flight)<\/p>\n<\/div><\/div><\/div><\/div><\/div><\/div><div class=\"vc_col-sm-6 wpb_column vc_column_container\"><div class=\"vc_column-inner\"><div class=\"wpb_wrapper\"><div class=\"w-iconbox iconpos_left style_default color_contrast align_left no_title\"><div class=\"w-iconbox-icon\" style=\"font-size:1.5rem;\"><i class=\"fal fa-clock\"><\/i><\/div><div class=\"w-iconbox-meta\"><div class=\"w-iconbox-text\"><p><strong>Hours<\/strong><br \/>\nPoco dopo l&#8217;alba (varia in base alla stagione)<\/p>\n<\/div><\/div><\/div><\/div><\/div><\/div><\/div><div class=\"w-separator size_custom\" style=\"height:1.5rem\"><\/div><div class=\"g-cols wpb_row via_flex valign_top type_default stacking_default\" style=\"--additional-gap:2rem;\"><div class=\"vc_col-sm-12 wpb_column vc_column_container\"><div class=\"vc_column-inner\"><div class=\"wpb_wrapper\"><div class=\"w-iconbox iconpos_left style_default color_contrast align_left no_title\"><div class=\"w-iconbox-icon\" style=\"font-size:1.5rem;\"><i class=\"fal fa-hourglass\"><\/i><\/div><div class=\"w-iconbox-meta\"><div class=\"w-iconbox-text\"><p><strong>Total duration of experience<\/strong><br \/>\nAbout 3 hours (includes preparation, flight, refreshment and return)<\/p>\n<\/div><\/div><\/div><\/div><\/div><\/div><\/div><div class=\"w-separator size_custom\" style=\"height:2rem\"><\/div><div class=\"w-separator size_small\"><\/div><div class=\"w-separator size_small with_line width_default thick_1 style_solid color_border align_left with_text with_content\"><div class=\"w-separator-h\"><h5 class=\"w-separator-text\"><i class=\"fal fa-telescope\"><\/i><span>what will you see from above<\/span><\/h5><\/div><\/div><div class=\"wpb_text_column\"><div class=\"wpb_wrapper\"><ul>\n<li style=\"font-weight: 400;\" aria-level=\"1\"><span style=\"font-weight: 400;\">The lands between <strong>Mondov\u00ec area<\/strong> and the <strong>Langhe<\/strong><\/span><\/li>\n<li style=\"font-weight: 400;\" aria-level=\"1\"><span style=\"font-weight: 400;\">The <strong>gullies<\/strong>, natural wonders shaped by time<\/span><\/li>\n<li style=\"font-weight: 400;\" aria-level=\"1\"><span style=\"font-weight: 400;\">The <strong>Tanaro river<\/strong>, which crosses the plain with elegance<\/span><\/li>\n<li style=\"font-weight: 400;\" aria-level=\"1\"><span style=\"font-weight: 400;\">The majestic ones <strong>Alps<\/strong> and the <strong>rolling hills<\/strong> of the Langhe on the horizon<\/span><\/li>\n<\/ul>\n<\/div><\/div><div class=\"w-separator size_small\"><\/div><div class=\"w-separator size_small with_line width_default thick_1 style_solid color_border align_left with_text with_content\"><div class=\"w-separator-h\"><h5 class=\"w-separator-text\"><i class=\"fas fa-vial\"><\/i><span>the experience includes<\/span><\/h5><\/div><\/div><div class=\"wpb_text_column\"><div class=\"wpb_wrapper\"><ol>\n<li><strong>Pre-flight briefing<\/strong> with the pilot<\/li>\n<li>At least an hour of <strong>panoramic flight among the vineyards<\/strong> \u2713<\/li>\n<li>Toasts\/<strong>colazione dell&#8217;aeronauta<\/strong>\u00a0(cold cuts, cheeses, wines, juices\u2026) \u2713<\/li>\n<li><strong>Return<\/strong> transport \u2713<\/li>\n<li><strong>Insurance<\/strong> full passengers \u2713<\/li>\n<li><strong>Free parking<\/strong> at the meeting point  \u2713<\/li>\n<\/ol>\n<\/div><\/div><div class=\"w-separator size_small\"><\/div><\/div><\/div><\/div><div class=\"vc_col-sm-2 wpb_column vc_column_container\"><div class=\"vc_column-inner\"><div class=\"wpb_wrapper\"><\/div><\/div><\/div><\/div><\/div><\/section><section class=\"l-section wpb_row us_custom_8d032b96 height_auto width_full color_primary\"><div class=\"l-section-h i-cf\"><div class=\"g-cols vc_row via_flex valign_top type_default stacking_default\"><div class=\"vc_col-sm-12 wpb_column vc_column_container\"><div class=\"vc_column-inner\"><div class=\"wpb_wrapper\"><div class=\"w-separator size_small with_line width_default thick_1 style_solid color_text align_left with_text with_content\"><div class=\"w-separator-h\"><h5 class=\"w-separator-text\"><i class=\"fas fa-vial\"><\/i><span>why choose us?<\/span><\/h5><\/div><\/div><div class=\"g-cols wpb_row via_flex valign_top type_boxes stacking_default\"><div class=\"vc_col-sm-6 wpb_column vc_column_container\"><div class=\"vc_column-inner\"><div class=\"wpb_wrapper\"><div class=\"w-iconbox iconpos_top style_default color_contrast align_center no_title\"><div class=\"w-iconbox-icon\" style=\"font-size:2rem;\"><i class=\"fal fa-user-shield\"><\/i><\/div><div class=\"w-iconbox-meta\"><div class=\"w-iconbox-text\"><p>ENAC <strong>Pilots<\/strong> experts and certified<\/p>\n<\/div><\/div><\/div><\/div><\/div><\/div><div class=\"vc_col-sm-6 wpb_column vc_column_container\"><div class=\"vc_column-inner\"><div class=\"wpb_wrapper\"><div class=\"w-iconbox iconpos_top style_default color_contrast align_center no_title\"><div class=\"w-iconbox-icon\" style=\"font-size:2rem;\"><i class=\"fal fa-cloud-hail-mixed\"><\/i><\/div><div class=\"w-iconbox-meta\"><div class=\"w-iconbox-text\"><p>Weather guarantee: in case of bad weather, we will reschedule <strong>without costs<\/strong><\/p>\n<\/div><\/div><\/div><\/div><\/div><\/div><\/div><div class=\"g-cols wpb_row via_flex valign_top type_boxes stacking_default\"><div class=\"vc_col-sm-6 wpb_column vc_column_container\"><div class=\"vc_column-inner\"><div class=\"wpb_wrapper\"><div class=\"w-iconbox iconpos_top style_default color_contrast align_center no_title\"><div class=\"w-iconbox-icon\" style=\"font-size:2rem;\"><i class=\"fal fa-glass-cheers\"><\/i><\/div><div class=\"w-iconbox-meta\"><div class=\"w-iconbox-text\"><p>We toast together<strong> with local products<\/strong><\/p>\n<\/div><\/div><\/div><\/div><\/div><\/div><div class=\"vc_col-sm-6 wpb_column vc_column_container\"><div class=\"vc_column-inner\"><div class=\"wpb_wrapper\"><div class=\"w-iconbox iconpos_top style_default color_contrast align_center no_title\"><div class=\"w-iconbox-icon\" style=\"font-size:2rem;\"><i class=\"fal fa-tree-alt\"><\/i><\/div><div class=\"w-iconbox-meta\"><div class=\"w-iconbox-text\"><p>Zero impact: for every flight <strong>we plant a tree<\/strong><\/p>\n<\/div><\/div><\/div><\/div><\/div><\/div><\/div><\/div><\/div><\/div><\/div><\/div><\/section><section class=\"l-section wpb_row us_custom_8417cf24 height_auto\"><div class=\"l-section-overlay\" style=\"background:rgba(255,255,255,0.55)\"><\/div><div class=\"l-section-h i-cf\"><div class=\"g-cols vc_row via_flex valign_top type_default stacking_default\"><div class=\"vc_col-sm-2 wpb_column vc_column_container\"><div class=\"vc_column-inner\"><div class=\"wpb_wrapper\"><\/div><\/div><\/div><div class=\"vc_col-sm-8 wpb_column vc_column_container\"><div class=\"vc_column-inner\"><div class=\"wpb_wrapper\"><div class=\"w-separator us_custom_2ba75eac size_medium has_font_size with_line width_default thick_1 style_solid color_text align_left with_text with_content\"><div class=\"w-separator-h\"><div class=\"w-separator-text\"><span>ALL THE BEAUTY THAT AWAITS YOU<\/span><\/div><\/div><\/div><div class=\"wpb_text_column with_collapsible_content\" data-content-height=\"300px\"><div class=\"wpb_wrapper\"><h4><b>Flight in hot air balloon from Mondov\u00ec: adventure among sky, nature and horizons<\/b><\/h4>\n<p><span style=\"font-weight: 400;\">We leave near <\/span><b>Mondov\u00ec area<\/b><span style=\"font-weight: 400;\">, in a frame which mixes <\/span><b>the strenght of mountains and sweetness of the pastures.<\/b><span style=\"font-weight: 400;\"> The air is fresh, the relaxing view and all seems ready for an unforgettable adventure. Here the keyword is:<\/span><b> get carried away<\/b><\/p>\n<p><span style=\"font-weight: 400;\">We leave<\/span><b> at sunrise<\/b><span style=\"font-weight: 400;\"> quando tutto \u00e8 ancora silenzioso<\/span><span style=\"font-weight: 400;\">. <\/span><b>There is no specific route: is the air which chooses the direction<\/b><span style=\"font-weight: 400;\">, and every flight a different story<\/span><\/p>\n<p><span style=\"font-weight: 400;\">During the <\/span><b>approximately 60 minutes in flight<\/b><span style=\"font-weight: 400;\">you can admire \"Calanchi\" <\/span><b>from above<\/b><span style=\"font-weight: 400;\"> the hills <\/span><b>Langhe<\/b><span style=\"font-weight: 400;\">the course of <\/span><b>Tanaro river<\/b><span style=\"font-weight: 400;\">, and- during clear days-<\/span><b> the majesty of Alps. <\/b><span style=\"font-weight: 400;\">\u00a0A large, clean view and all to savour in silence, accompanied by the sweet breath of the burner.\u00a0<\/span><\/p>\n<p><span style=\"font-weight: 400;\">On the ground a toast awaits you <\/span><b>, with typical products<\/b><span style=\"font-weight: 400;\"> : cold cuts, cheeses, and local wines to conclude the experience in the most convivial way, between chatters and smiles.<\/span><\/p>\n<p><span style=\"font-weight: 400;\">And there is a detail that makes the gift even more special: <\/span><b>fly in a balloon is a green choice.<\/b><span style=\"font-weight: 400;\"> The impact on the environment is minimal and<\/span><b> for every flight we plant a tree, <\/b><span style=\"font-weight: 400;\">to give back to nature a piece of what she has given to us. A concrete gesture, which makes the experience not only unforgettable, but also sustainable.<\/span><\/p>\n<p><span style=\"font-weight: 400;\">The activity is <\/span><b>suitable to all people from 7 years old<\/b><span style=\"font-weight: 400;\"> ( minimal height of 130cm). For technical reasons, there is a small surcharge for people over 100kg. It can't be possible to fly during pregnancy and after a bit too \"cheerful\" evening: safety comes first.<\/span><\/p>\n<p><b>If the weather throws a tantrum,<\/b><span style=\"font-weight: 400;\"> No problem:<\/span><b> the flight is postponed free of charge. <\/b><span style=\"font-weight: 400;\">The departure is confirmed with at least 5 participants and you will receive all useful indications the day before, including the meeting point with free parking.<\/span><\/p>\n<p><span style=\"font-weight: 400;\">On board there will be <\/span><b>ENAC certified pilots: <\/b><span style=\"font-weight: 400;\">experts, reliable and ready to make you live a memorable experience.<\/span><\/p>\n<p><b>What to bring?<\/b><span style=\"font-weight: 400;\"> Comfortable clothes, sneakers or trekking shoes, a cap, a camera...and desire for lightness.<\/span><\/p>\n<p><span style=\"font-weight: 400;\">Fly over Mondov\u00ec and its valleys is a special way<b> see Piedmont with new eyes.<\/b> A gift which stays in the heart.<\/span><span style=\"font-weight: 400;\"><\/span><\/p>\n<\/div><div class=\"toggle-links align_none\"><button class=\"collapsible-content-more\">Show More<\/button><button class=\"collapsible-content-less\">Show Less<\/button><\/div><\/div><div class=\"w-separator size_small\"><\/div><\/div><\/div><\/div><div class=\"vc_col-sm-2 wpb_column vc_column_container\"><div class=\"vc_column-inner\"><div class=\"wpb_wrapper\"><\/div><\/div><\/div><\/div><\/div><\/section>","protected":false},"excerpt":{"rendered":"<p>fly with other people over the Cuneo plain and admire the Alps on the horizon<\/p>","protected":false},"featured_media":19973,"template":"","meta":{"_acf_changed":false},"product_brand":[],"product_cat":[140,23],"product_tag":[],"partenza_voli":[69],"zona":[96],"class_list":{"0":"post-18473","1":"product","2":"type-product","3":"status-publish","4":"has-post-thumbnail","6":"product_cat-voli","7":"product_cat-voli-di-gruppo","8":"partenza_voli-mondovi","9":"zona-mondovi","11":"first","12":"instock","13":"featured","14":"shipping-taxable","15":"purchasable","16":"product-type-variable","17":"has-default-attributes"},"acf":[],"yoast_head":"<!-- This site is optimized with the Yoast SEO plugin v27.1.1 - https:\/\/yoast.com\/product\/yoast-seo-wordpress\/ -->\n<title>Giro in Mongolfiera a Mondov\u00ec, ai piedi delle Alpi - Volo di gruppo<\/title>\n<meta name=\"description\" content=\"Un Giro in Mongolfiera in compagnia, la nostra opzione pi\u00f9 conveniente. Per gruppi gi\u00e0 formati oppure possibilit\u00e0 di unirsi a gruppi last minute. Chiamaci!\" \/>\n<meta name=\"robots\" content=\"index, follow, max-snippet:-1, max-image-preview:large, max-video-preview:-1\" \/>\n<link rel=\"canonical\" href=\"https:\/\/giroinmongolfiera.com\/eng\/catalogo\/voli\/voli-di-gruppo\/in-compagnia-alpi-e-pascoli\/\" \/>\n<meta property=\"og:locale\" content=\"en_US\" \/>\n<meta property=\"og:type\" content=\"article\" \/>\n<meta property=\"og:title\" content=\"Giro in Mongolfiera a Mondov\u00ec, ai piedi delle Alpi - Volo di gruppo\" \/>\n<meta property=\"og:description\" content=\"Un Giro in Mongolfiera in compagnia, la nostra opzione pi\u00f9 conveniente. Per gruppi gi\u00e0 formati oppure possibilit\u00e0 di unirsi a gruppi last minute. Chiamaci!\" \/>\n<meta property=\"og:url\" content=\"https:\/\/giroinmongolfiera.com\/eng\/catalogo\/voli\/voli-di-gruppo\/in-compagnia-alpi-e-pascoli\/\" \/>\n<meta property=\"og:site_name\" content=\"Giro in mongolfiera\" \/>\n<meta property=\"article:modified_time\" content=\"2025-12-16T09:44:09+00:00\" \/>\n<meta property=\"og:image\" content=\"https:\/\/giroinmongolfiera.com\/wp-content\/uploads\/mondovi_-4.jpg\" \/>\n\t<meta property=\"og:image:width\" content=\"2048\" \/>\n\t<meta property=\"og:image:height\" content=\"1367\" \/>\n\t<meta property=\"og:image:type\" content=\"image\/jpeg\" \/>\n<meta name=\"twitter:card\" content=\"summary_large_image\" \/>\n<meta name=\"twitter:label1\" content=\"Est. reading time\" \/>\n\t<meta name=\"twitter:data1\" content=\"1 minute\" \/>\n<script type=\"application\/ld+json\" class=\"yoast-schema-graph\">{\"@context\":\"https:\/\/schema.org\",\"@graph\":[{\"@type\":\"WebPage\",\"@id\":\"https:\/\/giroinmongolfiera.com\/catalogo\/voli\/voli-di-gruppo\/in-compagnia-alpi-e-pascoli\/\",\"url\":\"https:\/\/giroinmongolfiera.com\/catalogo\/voli\/voli-di-gruppo\/in-compagnia-alpi-e-pascoli\/\",\"name\":\"Giro in Mongolfiera a Mondov\u00ec, ai piedi delle Alpi - Volo di gruppo\",\"isPartOf\":{\"@id\":\"https:\/\/giroinmongolfiera.com\/#website\"},\"primaryImageOfPage\":{\"@id\":\"https:\/\/giroinmongolfiera.com\/catalogo\/voli\/voli-di-gruppo\/in-compagnia-alpi-e-pascoli\/#primaryimage\"},\"image\":{\"@id\":\"https:\/\/giroinmongolfiera.com\/catalogo\/voli\/voli-di-gruppo\/in-compagnia-alpi-e-pascoli\/#primaryimage\"},\"thumbnailUrl\":\"https:\/\/giroinmongolfiera.com\/wp-content\/uploads\/mondovi_-4.jpg\",\"datePublished\":\"2024-01-09T11:37:25+00:00\",\"dateModified\":\"2025-12-16T09:44:09+00:00\",\"description\":\"Un Giro in Mongolfiera in compagnia, la nostra opzione pi\u00f9 conveniente. Per gruppi gi\u00e0 formati oppure possibilit\u00e0 di unirsi a gruppi last minute. Chiamaci!\",\"breadcrumb\":{\"@id\":\"https:\/\/giroinmongolfiera.com\/catalogo\/voli\/voli-di-gruppo\/in-compagnia-alpi-e-pascoli\/#breadcrumb\"},\"inLanguage\":\"en-US\",\"potentialAction\":[{\"@type\":\"ReadAction\",\"target\":[\"https:\/\/giroinmongolfiera.com\/catalogo\/voli\/voli-di-gruppo\/in-compagnia-alpi-e-pascoli\/\"]}]},{\"@type\":\"ImageObject\",\"inLanguage\":\"en-US\",\"@id\":\"https:\/\/giroinmongolfiera.com\/catalogo\/voli\/voli-di-gruppo\/in-compagnia-alpi-e-pascoli\/#primaryimage\",\"url\":\"https:\/\/giroinmongolfiera.com\/wp-content\/uploads\/mondovi_-4.jpg\",\"contentUrl\":\"https:\/\/giroinmongolfiera.com\/wp-content\/uploads\/mondovi_-4.jpg\",\"width\":2048,\"height\":1367,\"caption\":\"Voli in Mongolfiera da Mondovi con vista sulle Alpi innevate\"},{\"@type\":\"BreadcrumbList\",\"@id\":\"https:\/\/giroinmongolfiera.com\/catalogo\/voli\/voli-di-gruppo\/in-compagnia-alpi-e-pascoli\/#breadcrumb\",\"itemListElement\":[{\"@type\":\"ListItem\",\"position\":1,\"name\":\"Home\",\"item\":\"https:\/\/giroinmongolfiera.com\/\"},{\"@type\":\"ListItem\",\"position\":2,\"name\":\"Products\",\"item\":\"https:\/\/giroinmongolfiera.com\/shop\/\"},{\"@type\":\"ListItem\",\"position\":3,\"name\":\"VOLI\",\"item\":\"https:\/\/giroinmongolfiera.com\/categoria\/voli\/\"},{\"@type\":\"ListItem\",\"position\":4,\"name\":\"Voli di gruppo\",\"item\":\"https:\/\/giroinmongolfiera.com\/categoria\/voli\/voli-di-gruppo\/\"},{\"@type\":\"ListItem\",\"position\":5,\"name\":\"Giro in Mongolfiera di gruppo ai piedi delle Alpi\"}]},{\"@type\":\"WebSite\",\"@id\":\"https:\/\/giroinmongolfiera.com\/#website\",\"url\":\"https:\/\/giroinmongolfiera.com\/\",\"name\":\"Giro in mongolfiera\",\"description\":\"Vola in mongolfiera, vivi un&#039;esperienza unica\",\"publisher\":{\"@id\":\"https:\/\/giroinmongolfiera.com\/#organization\"},\"potentialAction\":[{\"@type\":\"SearchAction\",\"target\":{\"@type\":\"EntryPoint\",\"urlTemplate\":\"https:\/\/giroinmongolfiera.com\/?s={search_term_string}\"},\"query-input\":{\"@type\":\"PropertyValueSpecification\",\"valueRequired\":true,\"valueName\":\"search_term_string\"}}],\"inLanguage\":\"en-US\"},{\"@type\":\"Organization\",\"@id\":\"https:\/\/giroinmongolfiera.com\/#organization\",\"name\":\"Giroinmongolfiera SRL\",\"url\":\"https:\/\/giroinmongolfiera.com\/\",\"logo\":{\"@type\":\"ImageObject\",\"inLanguage\":\"en-US\",\"@id\":\"https:\/\/giroinmongolfiera.com\/#\/schema\/logo\/image\/\",\"url\":\"https:\/\/giroinmongolfiera.com\/wp-content\/uploads\/Giro_in_Mongolfiera-LOGO.png\",\"contentUrl\":\"https:\/\/giroinmongolfiera.com\/wp-content\/uploads\/Giro_in_Mongolfiera-LOGO.png\",\"width\":385,\"height\":126,\"caption\":\"Giroinmongolfiera SRL\"},\"image\":{\"@id\":\"https:\/\/giroinmongolfiera.com\/#\/schema\/logo\/image\/\"}}]}<\/script>\n<!-- \/ Yoast SEO plugin. -->","yoast_head_json":{"title":"Giro in Mongolfiera a Mondov\u00ec, ai piedi delle Alpi - Volo di gruppo","description":"Un Giro in Mongolfiera in compagnia, la nostra opzione pi\u00f9 conveniente. Per gruppi gi\u00e0 formati oppure possibilit\u00e0 di unirsi a gruppi last minute. Chiamaci!","robots":{"index":"index","follow":"follow","max-snippet":"max-snippet:-1","max-image-preview":"max-image-preview:large","max-video-preview":"max-video-preview:-1"},"canonical":"https:\/\/giroinmongolfiera.com\/eng\/catalogo\/voli\/voli-di-gruppo\/in-compagnia-alpi-e-pascoli\/","og_locale":"en_US","og_type":"article","og_title":"Giro in Mongolfiera a Mondov\u00ec, ai piedi delle Alpi - Volo di gruppo","og_description":"Un Giro in Mongolfiera in compagnia, la nostra opzione pi\u00f9 conveniente. Per gruppi gi\u00e0 formati oppure possibilit\u00e0 di unirsi a gruppi last minute. Chiamaci!","og_url":"https:\/\/giroinmongolfiera.com\/eng\/catalogo\/voli\/voli-di-gruppo\/in-compagnia-alpi-e-pascoli\/","og_site_name":"Giro in mongolfiera","article_modified_time":"2025-12-16T09:44:09+00:00","og_image":[{"width":2048,"height":1367,"url":"https:\/\/giroinmongolfiera.com\/wp-content\/uploads\/mondovi_-4.jpg","type":"image\/jpeg"}],"twitter_card":"summary_large_image","twitter_misc":{"Est. reading time":"1 minute"},"schema":{"@context":"https:\/\/schema.org","@graph":[{"@type":"WebPage","@id":"https:\/\/giroinmongolfiera.com\/catalogo\/voli\/voli-di-gruppo\/in-compagnia-alpi-e-pascoli\/","url":"https:\/\/giroinmongolfiera.com\/catalogo\/voli\/voli-di-gruppo\/in-compagnia-alpi-e-pascoli\/","name":"Giro in Mongolfiera a Mondov\u00ec, ai piedi delle Alpi - Volo di gruppo","isPartOf":{"@id":"https:\/\/giroinmongolfiera.com\/#website"},"primaryImageOfPage":{"@id":"https:\/\/giroinmongolfiera.com\/catalogo\/voli\/voli-di-gruppo\/in-compagnia-alpi-e-pascoli\/#primaryimage"},"image":{"@id":"https:\/\/giroinmongolfiera.com\/catalogo\/voli\/voli-di-gruppo\/in-compagnia-alpi-e-pascoli\/#primaryimage"},"thumbnailUrl":"https:\/\/giroinmongolfiera.com\/wp-content\/uploads\/mondovi_-4.jpg","datePublished":"2024-01-09T11:37:25+00:00","dateModified":"2025-12-16T09:44:09+00:00","description":"Un Giro in Mongolfiera in compagnia, la nostra opzione pi\u00f9 conveniente. Per gruppi gi\u00e0 formati oppure possibilit\u00e0 di unirsi a gruppi last minute. Chiamaci!","breadcrumb":{"@id":"https:\/\/giroinmongolfiera.com\/catalogo\/voli\/voli-di-gruppo\/in-compagnia-alpi-e-pascoli\/#breadcrumb"},"inLanguage":"en-US","potentialAction":[{"@type":"ReadAction","target":["https:\/\/giroinmongolfiera.com\/catalogo\/voli\/voli-di-gruppo\/in-compagnia-alpi-e-pascoli\/"]}]},{"@type":"ImageObject","inLanguage":"en-US","@id":"https:\/\/giroinmongolfiera.com\/catalogo\/voli\/voli-di-gruppo\/in-compagnia-alpi-e-pascoli\/#primaryimage","url":"https:\/\/giroinmongolfiera.com\/wp-content\/uploads\/mondovi_-4.jpg","contentUrl":"https:\/\/giroinmongolfiera.com\/wp-content\/uploads\/mondovi_-4.jpg","width":2048,"height":1367,"caption":"Voli in Mongolfiera da Mondovi con vista sulle Alpi innevate"},{"@type":"BreadcrumbList","@id":"https:\/\/giroinmongolfiera.com\/catalogo\/voli\/voli-di-gruppo\/in-compagnia-alpi-e-pascoli\/#breadcrumb","itemListElement":[{"@type":"ListItem","position":1,"name":"Home","item":"https:\/\/giroinmongolfiera.com\/"},{"@type":"ListItem","position":2,"name":"Products","item":"https:\/\/giroinmongolfiera.com\/shop\/"},{"@type":"ListItem","position":3,"name":"VOLI","item":"https:\/\/giroinmongolfiera.com\/categoria\/voli\/"},{"@type":"ListItem","position":4,"name":"Voli di gruppo","item":"https:\/\/giroinmongolfiera.com\/categoria\/voli\/voli-di-gruppo\/"},{"@type":"ListItem","position":5,"name":"Giro in Mongolfiera di gruppo ai piedi delle Alpi"}]},{"@type":"WebSite","@id":"https:\/\/giroinmongolfiera.com\/#website","url":"https:\/\/giroinmongolfiera.com\/","name":"Giro in mongolfiera","description":"Vola in mongolfiera, vivi un&#039;esperienza unica","publisher":{"@id":"https:\/\/giroinmongolfiera.com\/#organization"},"potentialAction":[{"@type":"SearchAction","target":{"@type":"EntryPoint","urlTemplate":"https:\/\/giroinmongolfiera.com\/?s={search_term_string}"},"query-input":{"@type":"PropertyValueSpecification","valueRequired":true,"valueName":"search_term_string"}}],"inLanguage":"en-US"},{"@type":"Organization","@id":"https:\/\/giroinmongolfiera.com\/#organization","name":"Giroinmongolfiera SRL","url":"https:\/\/giroinmongolfiera.com\/","logo":{"@type":"ImageObject","inLanguage":"en-US","@id":"https:\/\/giroinmongolfiera.com\/#\/schema\/logo\/image\/","url":"https:\/\/giroinmongolfiera.com\/wp-content\/uploads\/Giro_in_Mongolfiera-LOGO.png","contentUrl":"https:\/\/giroinmongolfiera.com\/wp-content\/uploads\/Giro_in_Mongolfiera-LOGO.png","width":385,"height":126,"caption":"Giroinmongolfiera SRL"},"image":{"@id":"https:\/\/giroinmongolfiera.com\/#\/schema\/logo\/image\/"}}]}},"_links":{"self":[{"href":"https:\/\/giroinmongolfiera.com\/eng\/wp-json\/wp\/v2\/product\/18473","targetHints":{"allow":["GET"]}}],"collection":[{"href":"https:\/\/giroinmongolfiera.com\/eng\/wp-json\/wp\/v2\/product"}],"about":[{"href":"https:\/\/giroinmongolfiera.com\/eng\/wp-json\/wp\/v2\/types\/product"}],"wp:featuredmedia":[{"embeddable":true,"href":"https:\/\/giroinmongolfiera.com\/eng\/wp-json\/wp\/v2\/media\/19973"}],"wp:attachment":[{"href":"https:\/\/giroinmongolfiera.com\/eng\/wp-json\/wp\/v2\/media?parent=18473"}],"wp:term":[{"taxonomy":"product_brand","embeddable":true,"href":"https:\/\/giroinmongolfiera.com\/eng\/wp-json\/wp\/v2\/product_brand?post=18473"},{"taxonomy":"product_cat","embeddable":true,"href":"https:\/\/giroinmongolfiera.com\/eng\/wp-json\/wp\/v2\/product_cat?post=18473"},{"taxonomy":"product_tag","embeddable":true,"href":"https:\/\/giroinmongolfiera.com\/eng\/wp-json\/wp\/v2\/product_tag?post=18473"},{"taxonomy":"partenza_voli","embeddable":true,"href":"https:\/\/giroinmongolfiera.com\/eng\/wp-json\/wp\/v2\/partenza_voli?post=18473"},{"taxonomy":"zona","embeddable":true,"href":"https:\/\/giroinmongolfiera.com\/eng\/wp-json\/wp\/v2\/zona?post=18473"}],"curies":[{"name":"wp","href":"https:\/\/api.w.org\/{rel}","templated":true}]}}